4?
False
Is 1890 a factor of 167022704?
False
Is 222453780 a multiple of 5?
True
Does 30 divide 512763960?
True
Is 84619040 a multiple of 88?
True
Does 2825 divide 3923153775?
True
Is 76026272 a multiple of 7?
True
Is 15 a factor of 1188373920?
True
Is 9 a factor of 10920289?
False
Is 1916681224 a multiple of 8669?
True
Does 622 divide 2086188?
True
Is 3130 a factor of 2616914334?
False
Is 18116536 a multiple of 102?
False
Is 236 a factor of 170653724?
True
Is 52 a factor of 28173236?
True
Is 6 a factor of 91101504?
True
Is 306924516 a multiple of 1044?
True
Is 4 a factor of 396570471?
False
Is 387 a factor of 50953968?
True
Is 463 a factor of 66784624?
False
Is 13 a factor of 4102103707?
True
Is 120112200 a multiple of 4248?
True
Does 4 divide 78774175?
False
Is 6 a factor of 61149479?
False
Is 39 a factor of 315619785?
True
Is 88414740 a multiple of 9?
True
Is 1058 a factor of 625565292?
False
Is 35828730 a multiple of 355?
True
Does 6 divide 9071424?
True
Does 23 divide 172708351?
False
Is 17 a factor of 763538?
True
Is 201147408 a multiple of 33?
True
Is 28343435 a multiple of 37?
False
Is 380623955 a multiple of 4831?
False
Is 19 a factor of 2497858747?
False
Does 1283 divide 328699468?
True
Does 12 divide 610938948?
True
Is 174033976 a multiple of 244?
True
Is 224511401 a multiple of 17?
True
Does 21 divide 57075680?
False
Does 341 divide 28551933?
False
Is 32735455 a multiple of 1765?
True
Is 105178386 a multiple of 282?
True
Is 4495572 a multiple of 4?
True
Is 942 a factor of 115593762?
True
Is 13 a factor of 8508324?
False
Does 156 divide 65651508?
True
Is 104 a factor of 5704218?
False
Does 13 divide 267611448?
True
Is 139 a factor of 28444265?
True
Does 157 divide 97719940?
True
Does 1261 divide 110707454?
False
Is 8 a factor of 40042280?
True
Does 119 divide 1892338?
True
Is 1765887887 a multiple of 20?
False
Does 13 divide 31024344?
True
Is 77 a factor of 13331241?
True
Does 13 divide 5163698149?
False
Does 593 divide 306692154?
False
Is 187251720 a multiple of 331?
False
Is 28273320 a multiple of 40?
True
Is 20 a factor of 20494320?
True
Does 25 divide 40036446?
False
Does 39 divide 178792380?
True
Does 18 divide 452737106?
False
Is 42 a factor of 50143338?
True
Does 23 divide 2210434?
False
Is 406 a factor of 89507632?
False
Is 620611087 a multiple of 5776?
False
Does 47 divide 1524245579?
True
Does 8 divide 238375838?
False
Is 13 a factor of 1900420844?
False
Does 22 divide 8260780?
True
Is 51914688 a multiple of 642?
True
Is 19232235 a multiple of 1215?
True
Is 12 a factor of 3955562463?
False
Is 5772 a factor of 2136609696?
True
Is 2819411700 a multiple of 13841?
True
Does 46 divide 38491403?
False
Is 917968865 a multiple of 34?
False
Does 756 divide 46258128?
True
Is 17 a factor of 536402139?
True
Does 11 divide 184735645?
False
Does 3095 divide 903520255?
True
Does 10 divide 54806840?
True
Is 2250 a factor of 231042436?
False
Does 144 divide 7376927?
False
Does 3390 divide 1604758200?
True
Is 643 a factor of 92990017?
True
Is 56 a factor of 590858?
False
Is 85 a factor of 12130860?
True
Is 303 a factor of 4570505?
False
Is 1353603542 a multiple of 10779?
False
Does 4 divide 12439515?
False
Is 772551792 a multiple of 12?
True
Does 25 divide 65201750?
True
Is 63 a factor of 18261458?
False
Does 1107 divide 133974627?
False
Is 171 a factor of 672275727?
True
Does 3 divide 7890179?
False
Is 661 a factor of 385190449?
False
Does 57 divide 42416679?
False
Does 7 divide 152354979?
True
Is 883795142 a multiple of 6017?
False
Does 3240 divide 85498490?
False
Is 1821165140 a multiple of 56?
False
Is 27 a factor of 12463281?
True
Is 348 a factor of 756496624?
False
Does 20 divide 2235179591?
False
Is 26 a factor of 105735240?
True
Does 13 divide 281360807?
True
Does 1046 divide 49867004?
True
Does 2659 divide 5069106964?
True
Does 21 divide 279164102?
False
Does 1560 divide 25495080?
True
Does 5 divide 10911161?
False
Does 732 divide 34096560?
True
Is 11638200 a multiple of 34?
True
Is 333 a factor of 20550568?
False
Is 10 a factor of 22949290?
True
Is 1568 a factor of 702535126?
False
Does 405 divide 1125661603?
False
Does 714 divide 867720630?
True
Is 15732260 a multiple of 4?
True
Does 1028 divide 126682441?
False
Is 654946443 a multiple of 83?
True
Is 87 a factor of 8522694?
True
Does 2237 divide 41509772?
True
Does 39 divide 66913041?
True
Is 7631 a factor of 2093209735?
False
Does 175 divide 46627701?
False
Is 32401483 a multiple of 21?
False
Does 8 divide 15932032?
True
Does 40 divide 7036400939?
False
Is 828 a factor of 271633173?
False
Is 59 a factor of 33578375?
True
Is 106337608 a multiple of 388?
True
Does 3 divide 46618668?
True
Is 9646579 a multiple of 78?
False
Is 71261267 a multiple of 1273?
True
Is 459421400 a multiple of 2504?
True
Is 523 a factor of 2962272?
True
Is 4817236 a multiple of 18?
False
Is 4 a factor of 12730779?
False
Is 4032700 a multiple of 175?
True
Does 63 divide 84203595?
True
Is 669983706 a multiple of 126?
True
Is 12745068 a multiple of 142?
True
Does 65 divide 410195796?
False
Is 360 a factor of 1223983800?
True
Does 844 divide 54861449?
False
Is 997 a factor of 138885091?
True
Does 73 divide 910102242?
True
Is 15 a factor of 331488524?
False
Is 311 a factor of 358164083?
True
Is 5 a factor of 27980211?
False
Does 3694 divide 82601534?
True
Is 162799425 a multiple of 15?
True
Does 1035 divide 194682465?
True
Does 105 divide 9843855?
True
Does 239 divide 590397876?
True
Does 24 divide 106723292?
False
Is 1699366711 a multiple of 3050?
False
Is 1389903629 a multiple of 10301?
True
Does 7 divide 17258066?
True
Does 200 divide 1442202470?
False
Is 182917708 a multiple of 52?
False
Does 241 divide 188950989?
True
Is 667252195 a multiple of 3592?
False
Is 15554399 a multiple of 17?
False
Does 268 divide 184706404?
True
Is 10 a factor of 9936355?
False
Does 10 divide 42484307?
False
Does 1269 divide 55376358?
False
Is 8 a factor of 7179192?
True
Is 1574 a factor of 34097562?
True
Is 6557320 a multiple of 40?
True
Does 524 divide 26746532?
True
Does 12 divide 398633988?
True
Does 235 divide 2950787060?
False
Is 407 a factor of 8357338?
True
Does 60 divide 404221320?
True
Is 20 a factor of 46623869?
False
Is 1927707 a multiple of 5?
False
Does 234 divide 37173240?
True
Is 25 a factor of 802592994?
False
Does 2758 divide 2287270076?
True
Is 12018368 a multiple of 22?
False
Is 799747393 a multiple of 31?
True
Is 9 a factor of 12479562?
True
Does 2472 divide 875644200?
True
Is 47 a factor of 4618707296?
True
Does 32 divide 136881536?
True
Is 102384435 a multiple of 5?
True
Is 778 a factor of 65292288?
False
Is 15356684 a multiple of 24?
False
Does 878 divide 334161649?
False
Is 18 a factor of 67724894?
False
Does 666 divide 1364603364?
True
Is 133192020 a multiple of 15?
True
Is 239070476 a multiple of 120?
False
Is 80 a factor of 112711807?
False
Is 1718 a factor of 698339512?
True
Is 106 a factor of 339349566?
True
Does 11 divide 24665971?
True
Is 812583 a multiple of 113?
True
Is 5 a factor of 198544257?
False
Is 741 a factor of 854132434?
False
Is 235 a factor of 49370497?
False
Does 1607 divide 314742199?
True
Is 292 a factor of 3933490?
False
Does 16 divide 99712?
True
Is 521 a factor of 26440580?
False
Is 109 a factor of 1569509639?
True
Is 1146 a factor of 239917392?
True
Is 10 a factor of 340812402?
False
Is 12 a factor of 226560774?
False
Is 86882073 a multiple of 76?
False
Is 5236824534 a multiple of 102?
True
Does 487 divide 95748583?
True
Is 218382010 a multiple of 322?
True
Does 278 divide 242049610?
False
Is 15 a factor of 44759005?
False
Is 2966 a factor of 876657654?
True
Is 268 a factor of 356913472?
False
Does 218 divide 14832752?
False
Does 29 divide 1847719050?
True
Is 531 a factor of 13364987?
False
Does 4 divide 5225464?
True
Is 36560348 a multiple of 281?
True
Is 101 a factor of 84183298?
True
Is 138023469 a multiple of 708?
False
Does 941 divide 83909154?
False
Is 9763026 a multiple of 78?
True
Is 3474 a factor of 7868508?
False
Is 493571056 a multiple of 304?
True
Is 243 a factor of 44004141?
True
Is 9838245 a multiple of 18?
False
Does 1309 divide 85687140?
True
Is 63657320 a multiple of 14?
False
Does 52 divide 105593901?
False
Is 10 a factor of 522378490?
True
Is 52892730 a 